{"id":3520,"date":"2024-11-21T14:29:51","date_gmt":"2024-11-21T13:29:51","guid":{"rendered":"https:\/\/uvethc.com\/miramontihotel\/?page_id=3520"},"modified":"2025-06-19T16:46:31","modified_gmt":"2025-06-19T14:46:31","slug":"services-exclusifs","status":"publish","type":"page","link":"https:\/\/uvethotels.com\/miramontihotel\/fr\/services-exclusifs\/","title":{"rendered":"Services"},"content":{"rendered":"\t\t<div data-elementor-type=\"wp-page\" data-elementor-id=\"3520\" class=\"elementor elementor-3520\" data-elementor-post-type=\"page\">\n\t\t\t\t<div class=\"elementor-element elementor-element-61ab61ed e-con-full e-flex e-con e-parent\" data-id=\"61ab61ed\" data-element_type=\"container\" data-e-type=\"container\" data-settings=\"{&quot;background_background&quot;:&quot;classic&quot;}\">\n\t\t\t\t<div class=\"elementor-element elementor-element-51effc66 elementor-widget elementor-widget-patara-banner-image\" data-id=\"51effc66\" data-element_type=\"widget\" data-e-type=\"widget\" data-widget_type=\"patara-banner-image.default\">\n\t\t\t\t<div class=\"elementor-widget-container\">\n\t\t\t\t\t\t\t\n\t<!-- Header Banner -->\n\t<header class=\"header\">\n\n\t\t\t\t<div class=\"banner-header full-height valign bg-img bg-fixed text-center\" data-overlay-dark=\"5\" data-background=\"https:\/\/uvethotels.com\/wp-content\/uploads\/sites\/10\/2024\/11\/sala-lettura-2-scaled.jpg\">\n\t\t\t\t\t\t\t\t\t\t\t\t<div class=\"container\">\n\t\t\t\t\t<div class=\"row\">\n\t\t\t\t\t\t<div class=\"col-md-12 offset-0\">\n\t\t\t\t\t\t\t<div class=\"caption\">\n\n\t\t\t\t\t\t\t\t\t\t\t\t\t\t\t\t\n\t\t\t\t\t\t\t\t\n\t\t\t\t\t\t\t\t\t\t\t\t\t\t\t\t\t\t\t\t\t\t\t\t<h1 class=\"pt-slider-title2-class\">Services<\/h1>\n\t\t\t\t\t\t\t\t\t\t\t\t\t\t\t\t\t\t\t\t\t\t\t<\/div>\t\t\t\t\t\t\n\t\t\t\t\t\t<\/div>\t\t\t\t\t\t\n\t\t\t\t\t<\/div>\n\t\t\t\t<\/div>\n\t\t\t\t\t\t\t\t<!-- button scroll -->\n\t\t\t\t<a href=\"#services\" data-scroll-nav=\"1\" class=\"mouse smoothscroll\">\n\t\t\t\t\t<span class=\"mouse-icon\">\n\t\t\t\t\t\t<span class=\"mouse-wheel\"><\/span>\n\t\t\t\t\t<\/span>\n\t\t\t\t<\/a>\t\n\t\t\t\t\t\t\t\t\t\n\t\t\t\t\t\t\n        <\/div>\t\t\t\n\t<\/header>\t\t\n\t\t\t\n    \t\t\t\t<\/div>\n\t\t\t\t<\/div>\n\t\t\t\t<\/div>\n\t\t<div class=\"elementor-element elementor-element-4db6243c e-flex e-con-boxed e-con e-parent\" data-id=\"4db6243c\" data-element_type=\"container\" data-e-type=\"container\" id=\"services\" data-settings=\"{&quot;background_background&quot;:&quot;classic&quot;}\">\n\t\t\t\t\t<div class=\"e-con-inner\">\n\t\t<div class=\"elementor-element elementor-element-cf8a31d e-con-full e-flex e-con e-child\" data-id=\"cf8a31d\" data-element_type=\"container\" data-e-type=\"container\">\n\t\t\t\t<div class=\"elementor-element elementor-element-940a3c6 elementor-widget elementor-widget-patara-services-grid\" data-id=\"940a3c6\" data-element_type=\"widget\" data-e-type=\"widget\" data-widget_type=\"patara-services-grid.default\">\n\t\t\t\t<div class=\"elementor-widget-container\">\n\t\t\t\t\t\t\t\n\t\t\t\t\n        \n\t\t\t<div class=\"sec-services services2\">\t\n\t\t\t\t\t\t\t\t<div class=\"services2 left\">\t\n\t\t\t\t\t<figure> <img decoding=\"async\" src=\"https:\/\/uvethotels.com\/wp-content\/uploads\/sites\/10\/2024\/11\/sala-lettura-scaled.jpg\" alt=\"\" class=\"img-fluid\" \/> <\/figure>\t\t\t\t\t\n\t\t\t\t\t<div class=\"caption padding-left\">\n\t\t\t\t\t\t\t\t\t\t\t\t<h4>Un salon sur mesure pour tous les besoins<\/h4>\n\t\t\t\t\t\t\t\n\t\t\t\t\t\t\t\t\t\t\t\t<div class=\"section-text\"><p style=\"color: #f18a00;\">__________________<\/p>\nLes services de l\u2019H\u00f4tel Miramonti sont con\u00e7us pour r\u00e9pondre aux besoins et exigences individuels, pour rendre tout s\u00e9jour confortable et fonctionnel, pour faciliter et \u00e9gayer le s\u00e9jour des clients.\n\nIl y a un restaurant principal o\u00f9 vous pouvez d\u00e9guster des plats typiques r\u00e9gionaux et nationaux, une taverne-bar pour un ap\u00e9ritif au retour des pistes de ski ou un verre agr\u00e9able apr\u00e8s le d\u00eener en \u00e9coutant de la musique live, une salle de t\u00e9l\u00e9vision, une salle de jeux et une salle de lecture.<\/div>\n\t\t\t\t\t\t\t\n\t\t\t\t\t\t\n\t\t\t\t\t\t\t\t\t\t\t\t\t\t\t\t\t\t    \n\t\t\t\t\t<\/div>\t\t\t\t\t\n\t\t\t\t<\/div>\t\t\t\t\t\n\t\t\t\t\t\t\t<\/div>\t\n\n        \t\t\n        \t\t\t\t<\/div>\n\t\t\t\t<\/div>\n\t\t\t\t<\/div>\n\t\t<div class=\"elementor-element elementor-element-01501cd e-con-full e-flex e-con e-child\" data-id=\"01501cd\" data-element_type=\"container\" data-e-type=\"container\">\n\t\t\t\t<div class=\"elementor-element elementor-element-64003f3 elementor-widget elementor-widget-patara-services-grid\" data-id=\"64003f3\" data-element_type=\"widget\" data-e-type=\"widget\" data-widget_type=\"patara-services-grid.default\">\n\t\t\t\t<div class=\"elementor-widget-container\">\n\t\t\t\t\t\t\t\n\t\t\t\t\n        \n\t\t\t<div class=\"sec-services services2\">\t\n\t\t\t\t\t\t\t\t<div class=\"services2 no-left\">\t\n\t\t\t\t\t<figure> <img decoding=\"async\" src=\"https:\/\/uvethotels.com\/wp-content\/uploads\/sites\/10\/2024\/11\/mini-club-scaled.webp\" alt=\"\" class=\"img-fluid\" \/> <\/figure>\t\t\t\t\t\n\t\t\t\t\t<div class=\"caption padding-left\">\n\t\t\t\t\t\t\t\t\t\t\t\t<h4>Confort et plaisir pour toute la famille<\/h4>\n\t\t\t\t\t\t\t\n\t\t\t\t\t\t\t\t\t\t\t\t<div class=\"section-text\"><p style=\"color: #f18a00;\">__________________<\/p>\nLe mini-club, organis\u00e9 \u00e0 heures fixes, accueille tous les enfants de 4 \u00e0 10 ans avec des jeux et des animations.\n\nDe plus, l\u2019h\u00f4tel propose \u00e0 ses clients un parking ext\u00e9rieur non surveill\u00e9 au tarif de 15 euros par jour et par voiture. et un parking int\u00e9rieur (garage) au tarif de 30 euros par jour et par voiture. Sous r\u00e9serve de disponibilit\u00e9 et non r\u00e9servable.<\/div>\n\t\t\t\t\t\t\t\n\t\t\t\t\t\t\n\t\t\t\t\t\t\t\t\t\t\t\t\t\t\t\t\t\t    \n\t\t\t\t\t<\/div>\t\t\t\t\t\n\t\t\t\t<\/div>\t\t\t\t\t\n\t\t\t\t\t\t\t<\/div>\t\n\n        \t\t\n        \t\t\t\t<\/div>\n\t\t\t\t<\/div>\n\t\t\t\t<\/div>\n\t\t<div class=\"elementor-element elementor-element-0d2b3f6 e-con-full e-flex e-con e-child\" data-id=\"0d2b3f6\" data-element_type=\"container\" data-e-type=\"container\">\n\t\t\t\t<div class=\"elementor-element elementor-element-dbf7f50 elementor-widget elementor-widget-patara-services-grid\" data-id=\"dbf7f50\" data-element_type=\"widget\" data-e-type=\"widget\" data-widget_type=\"patara-services-grid.default\">\n\t\t\t\t<div class=\"elementor-widget-container\">\n\t\t\t\t\t\t\t\n\t\t\t\t\n        \n\t\t\t<div class=\"sec-services services2\">\t\n\t\t\t\t\t\t\t\t<div class=\"services2 left\">\t\n\t\t\t\t\t<figure> <img decoding=\"async\" src=\"https:\/\/uvethotels.com\/wp-content\/uploads\/sites\/10\/2024\/11\/sauna-1-scaled.webp\" alt=\"\" class=\"img-fluid\" \/> <\/figure>\t\t\t\t\t\n\t\t\t\t\t<div class=\"caption padding-left\">\n\t\t\t\t\t\t\t\t\t\t\t\t<h4>Services et confort exclusifs<\/h4>\n\t\t\t\t\t\t\t\n\t\t\t\t\t\t\t\t\t\t\t\t<div class=\"section-text\"><p style=\"color: #f18a00;\">__________________<\/p>\nL\u2019offre est compl\u00e9t\u00e9e par un local \u00e0 skis, une petite salle de fitness, un petit centre de bien-\u00eatre avec espace de relaxation et sauna, le wifi gratuit dans toutes les zones de l\u2019h\u00f4tel, un garage et un parking et une terrasse ensoleill\u00e9e o\u00f9 vous pourrez admirer le paysage environnant.<\/div>\n\t\t\t\t\t\t\t\n\t\t\t\t\t\t\n\t\t\t\t\t\t\t\t\t\t\t\t\t\t\t\t\t\t    \n\t\t\t\t\t<\/div>\t\t\t\t\t\n\t\t\t\t<\/div>\t\t\t\t\t\n\t\t\t\t\t\t\t<\/div>\t\n\n        \t\t\n        \t\t\t\t<\/div>\n\t\t\t\t<\/div>\n\t\t\t\t<\/div>\n\t\t<div class=\"elementor-element elementor-element-5b48d34 e-con-full e-flex e-con e-child\" data-id=\"5b48d34\" data-element_type=\"container\" data-e-type=\"container\">\n\t\t\t\t<div class=\"elementor-element elementor-element-491e041 elementor-widget elementor-widget-patara-services-grid\" data-id=\"491e041\" data-element_type=\"widget\" data-e-type=\"widget\" data-widget_type=\"patara-services-grid.default\">\n\t\t\t\t<div class=\"elementor-widget-container\">\n\t\t\t\t\t\t\t\n\t\t\t\t\n        \n\t\t\t<div class=\"sec-services services2\">\t\n\t\t\t\t\t\t\t\t<div class=\"services2 no-left\">\t\n\t\t\t\t\t<figure> <img decoding=\"async\" src=\"https:\/\/uvethotels.com\/miramontihotel\/wp-content\/uploads\/sites\/10\/2025\/06\/Animali-Ammessi-scaled.webp\" alt=\"Animali ammessi - Uvet Hotels\" class=\"img-fluid\" \/> <\/figure>\t\t\t\t\t\n\t\t\t\t\t<div class=\"caption padding-left\">\n\t\t\t\t\t\t\t\t\t\t\t\t<h4>Animali di piccola taglia ammessi<\/h4>\n\t\t\t\t\t\t\t\n\t\t\t\t\t\t\t\t\t\t\t\t<div class=\"section-text\"><p style=\"color: #f18a00;\">__________________<\/p>\nSi vous voyagez avec des animaux de compagnie, veuillez noter qu\u2019il y a un suppl\u00e9ment de 21 euros par animal et par nuit. Un maximum de 1 animal domestique est autoris\u00e9.\nL\u2019h\u00f4tel ne peut admettre que les animaux domestiques d\u2019un poids maximum de 10 kilos.<\/div>\n\t\t\t\t\t\t\t\n\t\t\t\t\t\t\n\t\t\t\t\t\t\t\t\t\t\t\t\t\t\t\t\t\t    \n\t\t\t\t\t<\/div>\t\t\t\t\t\n\t\t\t\t<\/div>\t\t\t\t\t\n\t\t\t\t\t\t\t<\/div>\t\n\n        \t\t\n        \t\t\t\t<\/div>\n\t\t\t\t<\/div>\n\t\t\t\t<\/div>\n\t\t\t\t\t<\/div>\n\t\t\t\t<\/div>\n\t\t<div class=\"elementor-element elementor-element-6dbdf1e e-flex e-con-boxed e-con e-parent\" data-id=\"6dbdf1e\" data-element_type=\"container\" data-e-type=\"container\" data-settings=\"{&quot;background_background&quot;:&quot;classic&quot;}\">\n\t\t\t\t\t<div class=\"e-con-inner\">\n\t\t\t\t<div class=\"elementor-element elementor-element-0f8ebd8 elementor-align-center prenota elementor-mobile-align-justify elementor-widget elementor-widget-button\" data-id=\"0f8ebd8\" data-element_type=\"widget\" data-e-type=\"widget\" data-widget_type=\"button.default\">\n\t\t\t\t<div class=\"elementor-widget-container\">\n\t\t\t\t\t\t\t\t\t<div class=\"elementor-button-wrapper\">\n\t\t\t\t\t<a class=\"elementor-button elementor-button-link elementor-size-sm elementor-animation-sink\" href=\"https:\/\/reservations.verticalbooking.com\/premium\/index.html?id_albergo=28385&#038;dc=1405&#038;id_stile=21243&#038;lingua_int=fra\" target=\"_blank\">\n\t\t\t\t\t\t<span class=\"elementor-button-content-wrapper\">\n\t\t\t\t\t\t\t\t\t<span class=\"elementor-button-text\">v\u00e9rifier la disponibilit\u00e9<\/span>\n\t\t\t\t\t<\/span>\n\t\t\t\t\t<\/a>\n\t\t\t\t<\/div>\n\t\t\t\t\t\t\t\t<\/div>\n\t\t\t\t<\/div>\n\t\t\t\t\t<\/div>\n\t\t\t\t<\/div>\n\t\t\t\t<\/div>\n\t\t","protected":false},"excerpt":{"rendered":"<p>Services Un salon sur mesure pour tous les besoins __________________ Les services de l\u2019H\u00f4tel Miramonti sont con\u00e7us pour r\u00e9pondre aux besoins et exigences individuels, pour rendre tout s\u00e9jour confortable et fonctionnel, pour faciliter et \u00e9gayer le s\u00e9jour des clients. Il y a un restaurant principal o\u00f9 vous pouvez d\u00e9guster des plats typiques r\u00e9gionaux et nationaux, une taverne-bar pour un ap\u00e9ritif<\/p>\n","protected":false},"author":1,"featured_media":0,"parent":0,"menu_order":0,"comment_status":"closed","ping_status":"closed","template":"","meta":{"_acf_changed":false,"footnotes":"","_links_to":"","_links_to_target":""},"class_list":["post-3520","page","type-page","status-publish","hentry"],"acf":[],"yoast_head":"<!-- This site is optimized with the Yoast SEO plugin v27.5 - https:\/\/yoast.com\/product\/yoast-seo-wordpress\/ -->\n<title>Services - Hotel Miramonti Corvara<\/title>\n<meta name=\"robots\" content=\"index, follow, max-snippet:-1, max-image-preview:large, max-video-preview:-1\" \/>\n<link rel=\"canonical\" href=\"https:\/\/uvethotels.com\/miramontihotel\/fr\/services-exclusifs\/\" \/>\n<meta property=\"og:locale\" content=\"it_IT\" \/>\n<meta property=\"og:type\" content=\"article\" \/>\n<meta property=\"og:title\" content=\"Services - Hotel Miramonti Corvara\" \/>\n<meta property=\"og:description\" content=\"Services Un salon sur mesure pour tous les besoins __________________ Les services de l\u2019H\u00f4tel Miramonti sont con\u00e7us pour r\u00e9pondre aux besoins et exigences individuels, pour rendre tout s\u00e9jour confortable et fonctionnel, pour faciliter et \u00e9gayer le s\u00e9jour des clients. Il y a un restaurant principal o\u00f9 vous pouvez d\u00e9guster des plats typiques r\u00e9gionaux et nationaux, une taverne-bar pour un ap\u00e9ritif\" \/>\n<meta property=\"og:url\" content=\"https:\/\/uvethotels.com\/miramontihotel\/fr\/services-exclusifs\/\" \/>\n<meta property=\"og:site_name\" content=\"Hotel Miramonti - Uvet Hotels\" \/>\n<meta property=\"article:publisher\" content=\"https:\/\/www.facebook.com\/hotelmiramonticorvara\/\" \/>\n<meta property=\"article:modified_time\" content=\"2025-06-19T14:46:31+00:00\" \/>\n<meta property=\"og:image\" content=\"https:\/\/uvethotels.com\/wp-content\/uploads\/sites\/10\/2024\/11\/sala-lettura-scaled.jpg\" \/>\n<meta name=\"twitter:card\" content=\"summary_large_image\" \/>\n<meta name=\"twitter:label1\" content=\"Tempo di lettura stimato\" \/>\n\t<meta name=\"twitter:data1\" content=\"3 minuti\" \/>\n<script type=\"application\/ld+json\" class=\"yoast-schema-graph\">{\"@context\":\"https:\\\/\\\/schema.org\",\"@graph\":[{\"@type\":\"WebPage\",\"@id\":\"https:\\\/\\\/uvethotels.com\\\/miramontihotel\\\/fr\\\/services-exclusifs\\\/\",\"url\":\"https:\\\/\\\/uvethotels.com\\\/miramontihotel\\\/fr\\\/services-exclusifs\\\/\",\"name\":\"Services - Hotel Miramonti Corvara\",\"isPartOf\":{\"@id\":\"https:\\\/\\\/uvethotels.com\\\/miramontihotel\\\/#website\"},\"primaryImageOfPage\":{\"@id\":\"https:\\\/\\\/uvethotels.com\\\/miramontihotel\\\/fr\\\/services-exclusifs\\\/#primaryimage\"},\"image\":{\"@id\":\"https:\\\/\\\/uvethotels.com\\\/miramontihotel\\\/fr\\\/services-exclusifs\\\/#primaryimage\"},\"thumbnailUrl\":\"https:\\\/\\\/uvethotels.com\\\/wp-content\\\/uploads\\\/sites\\\/10\\\/2024\\\/11\\\/sala-lettura-scaled.jpg\",\"datePublished\":\"2024-11-21T13:29:51+00:00\",\"dateModified\":\"2025-06-19T14:46:31+00:00\",\"breadcrumb\":{\"@id\":\"https:\\\/\\\/uvethotels.com\\\/miramontihotel\\\/fr\\\/services-exclusifs\\\/#breadcrumb\"},\"inLanguage\":\"it-IT\",\"potentialAction\":[{\"@type\":\"ReadAction\",\"target\":[\"https:\\\/\\\/uvethotels.com\\\/miramontihotel\\\/fr\\\/services-exclusifs\\\/\"]}]},{\"@type\":\"ImageObject\",\"inLanguage\":\"it-IT\",\"@id\":\"https:\\\/\\\/uvethotels.com\\\/miramontihotel\\\/fr\\\/services-exclusifs\\\/#primaryimage\",\"url\":\"https:\\\/\\\/uvethotels.com\\\/wp-content\\\/uploads\\\/sites\\\/10\\\/2024\\\/11\\\/sala-lettura-scaled.jpg\",\"contentUrl\":\"https:\\\/\\\/uvethotels.com\\\/wp-content\\\/uploads\\\/sites\\\/10\\\/2024\\\/11\\\/sala-lettura-scaled.jpg\"},{\"@type\":\"BreadcrumbList\",\"@id\":\"https:\\\/\\\/uvethotels.com\\\/miramontihotel\\\/fr\\\/services-exclusifs\\\/#breadcrumb\",\"itemListElement\":[{\"@type\":\"ListItem\",\"position\":1,\"name\":\"Home\",\"item\":\"https:\\\/\\\/uvethotels.com\\\/miramontihotel\\\/\"},{\"@type\":\"ListItem\",\"position\":2,\"name\":\"Services\"}]},{\"@type\":\"WebSite\",\"@id\":\"https:\\\/\\\/uvethotels.com\\\/miramontihotel\\\/#website\",\"url\":\"https:\\\/\\\/uvethotels.com\\\/miramontihotel\\\/\",\"name\":\"Hotel Miramonti - Uvet Hotels\",\"description\":\"\",\"publisher\":{\"@id\":\"https:\\\/\\\/uvethotels.com\\\/miramontihotel\\\/#organization\"},\"potentialAction\":[{\"@type\":\"SearchAction\",\"target\":{\"@type\":\"EntryPoint\",\"urlTemplate\":\"https:\\\/\\\/uvethotels.com\\\/miramontihotel\\\/?s={search_term_string}\"},\"query-input\":{\"@type\":\"PropertyValueSpecification\",\"valueRequired\":true,\"valueName\":\"search_term_string\"}}],\"inLanguage\":\"it-IT\"},{\"@type\":\"Organization\",\"@id\":\"https:\\\/\\\/uvethotels.com\\\/miramontihotel\\\/#organization\",\"name\":\"Hotel Miramonti - Uvet Hotels\",\"url\":\"https:\\\/\\\/uvethotels.com\\\/miramontihotel\\\/\",\"logo\":{\"@type\":\"ImageObject\",\"inLanguage\":\"it-IT\",\"@id\":\"https:\\\/\\\/uvethotels.com\\\/miramontihotel\\\/#\\\/schema\\\/logo\\\/image\\\/\",\"url\":\"https:\\\/\\\/uvethotels.com\\\/miramontihotel\\\/wp-content\\\/uploads\\\/sites\\\/10\\\/2025\\\/03\\\/UHC_logo_verticale_1200x1200.jpg\",\"contentUrl\":\"https:\\\/\\\/uvethotels.com\\\/miramontihotel\\\/wp-content\\\/uploads\\\/sites\\\/10\\\/2025\\\/03\\\/UHC_logo_verticale_1200x1200.jpg\",\"width\":1200,\"height\":1200,\"caption\":\"Hotel Miramonti - Uvet Hotels\"},\"image\":{\"@id\":\"https:\\\/\\\/uvethotels.com\\\/miramontihotel\\\/#\\\/schema\\\/logo\\\/image\\\/\"},\"sameAs\":[\"https:\\\/\\\/www.facebook.com\\\/hotelmiramonticorvara\\\/\",\"https:\\\/\\\/www.instagram.com\\\/hotel__miramonti\\\/\"]}]}<\/script>\n<!-- \/ Yoast SEO plugin. -->","yoast_head_json":{"title":"Services - Hotel Miramonti Corvara","robots":{"index":"index","follow":"follow","max-snippet":"max-snippet:-1","max-image-preview":"max-image-preview:large","max-video-preview":"max-video-preview:-1"},"canonical":"https:\/\/uvethotels.com\/miramontihotel\/fr\/services-exclusifs\/","og_locale":"it_IT","og_type":"article","og_title":"Services - Hotel Miramonti Corvara","og_description":"Services Un salon sur mesure pour tous les besoins __________________ Les services de l\u2019H\u00f4tel Miramonti sont con\u00e7us pour r\u00e9pondre aux besoins et exigences individuels, pour rendre tout s\u00e9jour confortable et fonctionnel, pour faciliter et \u00e9gayer le s\u00e9jour des clients. Il y a un restaurant principal o\u00f9 vous pouvez d\u00e9guster des plats typiques r\u00e9gionaux et nationaux, une taverne-bar pour un ap\u00e9ritif","og_url":"https:\/\/uvethotels.com\/miramontihotel\/fr\/services-exclusifs\/","og_site_name":"Hotel Miramonti - Uvet Hotels","article_publisher":"https:\/\/www.facebook.com\/hotelmiramonticorvara\/","article_modified_time":"2025-06-19T14:46:31+00:00","og_image":[{"url":"https:\/\/uvethotels.com\/wp-content\/uploads\/sites\/10\/2024\/11\/sala-lettura-scaled.jpg","type":"","width":"","height":""}],"twitter_card":"summary_large_image","twitter_misc":{"Tempo di lettura stimato":"3 minuti"},"schema":{"@context":"https:\/\/schema.org","@graph":[{"@type":"WebPage","@id":"https:\/\/uvethotels.com\/miramontihotel\/fr\/services-exclusifs\/","url":"https:\/\/uvethotels.com\/miramontihotel\/fr\/services-exclusifs\/","name":"Services - Hotel Miramonti Corvara","isPartOf":{"@id":"https:\/\/uvethotels.com\/miramontihotel\/#website"},"primaryImageOfPage":{"@id":"https:\/\/uvethotels.com\/miramontihotel\/fr\/services-exclusifs\/#primaryimage"},"image":{"@id":"https:\/\/uvethotels.com\/miramontihotel\/fr\/services-exclusifs\/#primaryimage"},"thumbnailUrl":"https:\/\/uvethotels.com\/wp-content\/uploads\/sites\/10\/2024\/11\/sala-lettura-scaled.jpg","datePublished":"2024-11-21T13:29:51+00:00","dateModified":"2025-06-19T14:46:31+00:00","breadcrumb":{"@id":"https:\/\/uvethotels.com\/miramontihotel\/fr\/services-exclusifs\/#breadcrumb"},"inLanguage":"it-IT","potentialAction":[{"@type":"ReadAction","target":["https:\/\/uvethotels.com\/miramontihotel\/fr\/services-exclusifs\/"]}]},{"@type":"ImageObject","inLanguage":"it-IT","@id":"https:\/\/uvethotels.com\/miramontihotel\/fr\/services-exclusifs\/#primaryimage","url":"https:\/\/uvethotels.com\/wp-content\/uploads\/sites\/10\/2024\/11\/sala-lettura-scaled.jpg","contentUrl":"https:\/\/uvethotels.com\/wp-content\/uploads\/sites\/10\/2024\/11\/sala-lettura-scaled.jpg"},{"@type":"BreadcrumbList","@id":"https:\/\/uvethotels.com\/miramontihotel\/fr\/services-exclusifs\/#breadcrumb","itemListElement":[{"@type":"ListItem","position":1,"name":"Home","item":"https:\/\/uvethotels.com\/miramontihotel\/"},{"@type":"ListItem","position":2,"name":"Services"}]},{"@type":"WebSite","@id":"https:\/\/uvethotels.com\/miramontihotel\/#website","url":"https:\/\/uvethotels.com\/miramontihotel\/","name":"Hotel Miramonti - Uvet Hotels","description":"","publisher":{"@id":"https:\/\/uvethotels.com\/miramontihotel\/#organization"},"potentialAction":[{"@type":"SearchAction","target":{"@type":"EntryPoint","urlTemplate":"https:\/\/uvethotels.com\/miramontihotel\/?s={search_term_string}"},"query-input":{"@type":"PropertyValueSpecification","valueRequired":true,"valueName":"search_term_string"}}],"inLanguage":"it-IT"},{"@type":"Organization","@id":"https:\/\/uvethotels.com\/miramontihotel\/#organization","name":"Hotel Miramonti - Uvet Hotels","url":"https:\/\/uvethotels.com\/miramontihotel\/","logo":{"@type":"ImageObject","inLanguage":"it-IT","@id":"https:\/\/uvethotels.com\/miramontihotel\/#\/schema\/logo\/image\/","url":"https:\/\/uvethotels.com\/miramontihotel\/wp-content\/uploads\/sites\/10\/2025\/03\/UHC_logo_verticale_1200x1200.jpg","contentUrl":"https:\/\/uvethotels.com\/miramontihotel\/wp-content\/uploads\/sites\/10\/2025\/03\/UHC_logo_verticale_1200x1200.jpg","width":1200,"height":1200,"caption":"Hotel Miramonti - Uvet Hotels"},"image":{"@id":"https:\/\/uvethotels.com\/miramontihotel\/#\/schema\/logo\/image\/"},"sameAs":["https:\/\/www.facebook.com\/hotelmiramonticorvara\/","https:\/\/www.instagram.com\/hotel__miramonti\/"]}]}},"_links":{"self":[{"href":"https:\/\/uvethotels.com\/miramontihotel\/wp-json\/wp\/v2\/pages\/3520","targetHints":{"allow":["GET"]}}],"collection":[{"href":"https:\/\/uvethotels.com\/miramontihotel\/wp-json\/wp\/v2\/pages"}],"about":[{"href":"https:\/\/uvethotels.com\/miramontihotel\/wp-json\/wp\/v2\/types\/page"}],"author":[{"embeddable":true,"href":"https:\/\/uvethotels.com\/miramontihotel\/wp-json\/wp\/v2\/users\/1"}],"replies":[{"embeddable":true,"href":"https:\/\/uvethotels.com\/miramontihotel\/wp-json\/wp\/v2\/comments?post=3520"}],"version-history":[{"count":8,"href":"https:\/\/uvethotels.com\/miramontihotel\/wp-json\/wp\/v2\/pages\/3520\/revisions"}],"predecessor-version":[{"id":4319,"href":"https:\/\/uvethotels.com\/miramontihotel\/wp-json\/wp\/v2\/pages\/3520\/revisions\/4319"}],"wp:attachment":[{"href":"https:\/\/uvethotels.com\/miramontihotel\/wp-json\/wp\/v2\/media?parent=3520"}],"curies":[{"name":"wp","href":"https:\/\/api.w.org\/{rel}","templated":true}]}}