{"id":774,"date":"2023-10-21T22:05:12","date_gmt":"2023-10-21T22:05:12","guid":{"rendered":"https:\/\/webredox.net\/demo\/wp\/patara\/?page_id=774"},"modified":"2025-06-19T16:45:05","modified_gmt":"2025-06-19T14:45:05","slug":"servizi","status":"publish","type":"page","link":"https:\/\/uvethotels.com\/miramontihotel\/servizi\/","title":{"rendered":"Servizi"},"content":{"rendered":"\t\t<div data-elementor-type=\"wp-page\" data-elementor-id=\"774\" class=\"elementor elementor-774\" data-elementor-post-type=\"page\">\n\t\t\t\t<div class=\"elementor-element elementor-element-61ab61ed e-con-full e-flex e-con e-parent\" data-id=\"61ab61ed\" data-element_type=\"container\" data-e-type=\"container\" data-settings=\"{&quot;background_background&quot;:&quot;classic&quot;}\">\n\t\t\t\t<div class=\"elementor-element elementor-element-51effc66 elementor-widget elementor-widget-patara-banner-image\" data-id=\"51effc66\" data-element_type=\"widget\" data-e-type=\"widget\" data-widget_type=\"patara-banner-image.default\">\n\t\t\t\t<div class=\"elementor-widget-container\">\n\t\t\t\t\t\t\t\n\t<!-- Header Banner -->\n\t<header class=\"header\">\n\n\t\t\t\t<div class=\"banner-header full-height valign bg-img bg-fixed text-center\" data-overlay-dark=\"5\" data-background=\"https:\/\/uvethotels.com\/wp-content\/uploads\/sites\/10\/2024\/11\/sala-lettura-2-scaled.jpg\">\n\t\t\t\t\t\t\t\t\t\t\t\t<div class=\"container\">\n\t\t\t\t\t<div class=\"row\">\n\t\t\t\t\t\t<div class=\"col-md-12 offset-0\">\n\t\t\t\t\t\t\t<div class=\"caption\">\n\n\t\t\t\t\t\t\t\t\t\t\t\t\t\t\t\t\n\t\t\t\t\t\t\t\t\n\t\t\t\t\t\t\t\t\t\t\t\t\t\t\t\t\t\t\t\t\t\t\t\t<h1 class=\"pt-slider-title2-class\">Servizi<\/h1>\n\t\t\t\t\t\t\t\t\t\t\t\t\t\t\t\t\t\t\t\t\t\t\t<\/div>\t\t\t\t\t\t\n\t\t\t\t\t\t<\/div>\t\t\t\t\t\t\n\t\t\t\t\t<\/div>\n\t\t\t\t<\/div>\n\t\t\t\t\t\t\t\t<!-- button scroll -->\n\t\t\t\t<a href=\"#services\" data-scroll-nav=\"1\" class=\"mouse smoothscroll\">\n\t\t\t\t\t<span class=\"mouse-icon\">\n\t\t\t\t\t\t<span class=\"mouse-wheel\"><\/span>\n\t\t\t\t\t<\/span>\n\t\t\t\t<\/a>\t\n\t\t\t\t\t\t\t\t\t\n\t\t\t\t\t\t\n        <\/div>\t\t\t\n\t<\/header>\t\t\n\t\t\t\n    \t\t\t\t<\/div>\n\t\t\t\t<\/div>\n\t\t\t\t<\/div>\n\t\t<div class=\"elementor-element elementor-element-4db6243c e-flex e-con-boxed e-con e-parent\" data-id=\"4db6243c\" data-element_type=\"container\" data-e-type=\"container\" id=\"services\" data-settings=\"{&quot;background_background&quot;:&quot;classic&quot;}\">\n\t\t\t\t\t<div class=\"e-con-inner\">\n\t\t<div class=\"elementor-element elementor-element-cf8a31d e-con-full e-flex e-con e-child\" data-id=\"cf8a31d\" data-element_type=\"container\" data-e-type=\"container\">\n\t\t\t\t<div class=\"elementor-element elementor-element-940a3c6 elementor-widget elementor-widget-patara-services-grid\" data-id=\"940a3c6\" data-element_type=\"widget\" data-e-type=\"widget\" data-widget_type=\"patara-services-grid.default\">\n\t\t\t\t<div class=\"elementor-widget-container\">\n\t\t\t\t\t\t\t\n\t\t\t\t\n        \n\t\t\t<div class=\"sec-services services2\">\t\n\t\t\t\t\t\t\t\t<div class=\"services2 left\">\t\n\t\t\t\t\t<figure> <img decoding=\"async\" src=\"https:\/\/uvethotels.com\/wp-content\/uploads\/sites\/10\/2024\/11\/sala-lettura-scaled.jpg\" alt=\"\" class=\"img-fluid\" \/> <\/figure>\t\t\t\t\t\n\t\t\t\t\t<div class=\"caption padding-left\">\n\t\t\t\t\t\t\t\t\t\t\t\t<h4>Un Soggiorno Su Misura per Ogni Esigenza<\/h4>\n\t\t\t\t\t\t\t\n\t\t\t\t\t\t\t\t\t\t\t\t<div class=\"section-text\"><p style=\"color: #f18a00;\">__________________<\/p><p>I servizi dell\u2019Hotel Miramonti sono pensati per soddisfare esigenze e necessit\u00e0 individuali, per rendere comodo e funzionale qualsiasi soggiorno, per facilitare e allietare la permanenza degli ospiti.<\/p><p>Al suo interno si trovano un Ristorante principale per gustare i piatti tipici regionali e nazionali, una taverna-bar per un aperitivo al rientro dalle piste da sci o un piacevole drink dopo cena ascoltando musica dal vivo, una sala TV, una sala giochi e una sala lettura.<\/p><\/div>\n\t\t\t\t\t\t\t\n\t\t\t\t\t\t\n\t\t\t\t\t\t\t\t\t\t\t\t\t\t\t\t\t\t    \n\t\t\t\t\t<\/div>\t\t\t\t\t\n\t\t\t\t<\/div>\t\t\t\t\t\n\t\t\t\t\t\t\t<\/div>\t\n\n        \t\t\n        \t\t\t\t<\/div>\n\t\t\t\t<\/div>\n\t\t\t\t<\/div>\n\t\t<div class=\"elementor-element elementor-element-01501cd e-con-full e-flex e-con e-child\" data-id=\"01501cd\" data-element_type=\"container\" data-e-type=\"container\">\n\t\t\t\t<div class=\"elementor-element elementor-element-64003f3 elementor-widget elementor-widget-patara-services-grid\" data-id=\"64003f3\" data-element_type=\"widget\" data-e-type=\"widget\" data-widget_type=\"patara-services-grid.default\">\n\t\t\t\t<div class=\"elementor-widget-container\">\n\t\t\t\t\t\t\t\n\t\t\t\t\n        \n\t\t\t<div class=\"sec-services services2\">\t\n\t\t\t\t\t\t\t\t<div class=\"services2 no-left\">\t\n\t\t\t\t\t<figure> <img decoding=\"async\" src=\"https:\/\/uvethotels.com\/wp-content\/uploads\/sites\/10\/2024\/11\/mini-club-scaled.webp\" alt=\"\" class=\"img-fluid\" \/> <\/figure>\t\t\t\t\t\n\t\t\t\t\t<div class=\"caption padding-left\">\n\t\t\t\t\t\t\t\t\t\t\t\t<h4> Comfort e Divertimento per Tutta la Famiglia<\/h4>\n\t\t\t\t\t\t\t\n\t\t\t\t\t\t\t\t\t\t\t\t<div class=\"section-text\"><p style=\"color: #f18a00;\">__________________<\/p><p>L\u2019hotel mette a disposizione dei suoi ospiti uno spazio giochi per bambini e un parcheggio all\u2019aperto non custodito al costo di 15 euro al giorno ed un parcheggio al coperto (garage) al costo di 30euro al giorno per autovettura. Entrambi soggetti a disponibilit\u00e0 e non prenotabili.<\/p><\/div>\n\t\t\t\t\t\t\t\n\t\t\t\t\t\t\n\t\t\t\t\t\t\t\t\t\t\t\t\t\t\t\t\t\t    \n\t\t\t\t\t<\/div>\t\t\t\t\t\n\t\t\t\t<\/div>\t\t\t\t\t\n\t\t\t\t\t\t\t<\/div>\t\n\n        \t\t\n        \t\t\t\t<\/div>\n\t\t\t\t<\/div>\n\t\t\t\t<\/div>\n\t\t<div class=\"elementor-element elementor-element-0d2b3f6 e-con-full e-flex e-con e-child\" data-id=\"0d2b3f6\" data-element_type=\"container\" data-e-type=\"container\">\n\t\t\t\t<div class=\"elementor-element elementor-element-dbf7f50 elementor-widget elementor-widget-patara-services-grid\" data-id=\"dbf7f50\" data-element_type=\"widget\" data-e-type=\"widget\" data-widget_type=\"patara-services-grid.default\">\n\t\t\t\t<div class=\"elementor-widget-container\">\n\t\t\t\t\t\t\t\n\t\t\t\t\n        \n\t\t\t<div class=\"sec-services services2\">\t\n\t\t\t\t\t\t\t\t<div class=\"services2 left\">\t\n\t\t\t\t\t<figure> <img decoding=\"async\" src=\"https:\/\/uvethotels.com\/wp-content\/uploads\/sites\/10\/2024\/11\/sauna-1-scaled.webp\" alt=\"\" class=\"img-fluid\" \/> <\/figure>\t\t\t\t\t\n\t\t\t\t\t<div class=\"caption padding-left\">\n\t\t\t\t\t\t\t\t\t\t\t\t<h4>Servizi esclusivi e comfort<\/h4>\n\t\t\t\t\t\t\t\n\t\t\t\t\t\t\t\t\t\t\t\t<div class=\"section-text\"><p style=\"color: #f18a00;\">__________________<\/p>\nCompletano l\u2019offerta la ski room, una piccola sala fitness, un piccolo centro benessere con zona relax e sauna, il wifi gratuito in tutte le aree dell\u2019Hotel, il garage e parcheggio e una terrazza solarium da dove ammirare il paesaggio circostante\n<\/div>\n\t\t\t\t\t\t\t\n\t\t\t\t\t\t\n\t\t\t\t\t\t\t\t\t\t\t\t\t\t\t\t\t\t    \n\t\t\t\t\t<\/div>\t\t\t\t\t\n\t\t\t\t<\/div>\t\t\t\t\t\n\t\t\t\t\t\t\t<\/div>\t\n\n        \t\t\n        \t\t\t\t<\/div>\n\t\t\t\t<\/div>\n\t\t\t\t<\/div>\n\t\t<div class=\"elementor-element elementor-element-5b48d34 e-con-full e-flex e-con e-child\" data-id=\"5b48d34\" data-element_type=\"container\" data-e-type=\"container\">\n\t\t\t\t<div class=\"elementor-element elementor-element-491e041 elementor-widget elementor-widget-patara-services-grid\" data-id=\"491e041\" data-element_type=\"widget\" data-e-type=\"widget\" data-widget_type=\"patara-services-grid.default\">\n\t\t\t\t<div class=\"elementor-widget-container\">\n\t\t\t\t\t\t\t\n\t\t\t\t\n        \n\t\t\t<div class=\"sec-services services2\">\t\n\t\t\t\t\t\t\t\t<div class=\"services2 no-left\">\t\n\t\t\t\t\t<figure> <img decoding=\"async\" src=\"https:\/\/uvethotels.com\/miramontihotel\/wp-content\/uploads\/sites\/10\/2025\/06\/Animali-Ammessi-scaled.webp\" alt=\"Animali ammessi - Uvet Hotels\" class=\"img-fluid\" \/> <\/figure>\t\t\t\t\t\n\t\t\t\t\t<div class=\"caption padding-left\">\n\t\t\t\t\t\t\t\t\t\t\t\t<h4>Animali di piccola taglia ammessi<\/h4>\n\t\t\t\t\t\t\t\n\t\t\t\t\t\t\t\t\t\t\t\t<div class=\"section-text\"><p style=\"color: #f18a00;\">__________________<\/p>\n\nSe viaggiate con animali domestici, siete pregati di notare che \u00e8 previsto un supplemento di 21euro per animale, a notte. \u00c8 ammesso un massimo di 1 animale domestico. La struttura pu\u00f2 ammettere solo animali con un peso massimo di 10 chili.<\/div>\n\t\t\t\t\t\t\t\n\t\t\t\t\t\t\n\t\t\t\t\t\t\t\t\t\t\t\t\t\t\t\t\t\t    \n\t\t\t\t\t<\/div>\t\t\t\t\t\n\t\t\t\t<\/div>\t\t\t\t\t\n\t\t\t\t\t\t\t<\/div>\t\n\n        \t\t\n        \t\t\t\t<\/div>\n\t\t\t\t<\/div>\n\t\t\t\t<\/div>\n\t\t\t\t\t<\/div>\n\t\t\t\t<\/div>\n\t\t<div class=\"elementor-element elementor-element-6dbdf1e e-flex e-con-boxed e-con e-parent\" data-id=\"6dbdf1e\" data-element_type=\"container\" data-e-type=\"container\" data-settings=\"{&quot;background_background&quot;:&quot;classic&quot;}\">\n\t\t\t\t\t<div class=\"e-con-inner\">\n\t\t\t\t<div class=\"elementor-element elementor-element-0f8ebd8 elementor-align-center prenota elementor-mobile-align-justify elementor-widget elementor-widget-button\" data-id=\"0f8ebd8\" data-element_type=\"widget\" data-e-type=\"widget\" data-widget_type=\"button.default\">\n\t\t\t\t<div class=\"elementor-widget-container\">\n\t\t\t\t\t\t\t\t\t<div class=\"elementor-button-wrapper\">\n\t\t\t\t\t<a class=\"elementor-button elementor-button-link elementor-size-sm elementor-animation-sink\" href=\"https:\/\/reservations.verticalbooking.com\/premium\/index.html?id_albergo=28385&#038;dc=1405&#038;id_stile=21243&#038;lingua_int=ita\" target=\"_blank\">\n\t\t\t\t\t\t<span class=\"elementor-button-content-wrapper\">\n\t\t\t\t\t\t\t\t\t<span class=\"elementor-button-text\">VERIFICA LA DISpONIBILIT\u00e0<\/span>\n\t\t\t\t\t<\/span>\n\t\t\t\t\t<\/a>\n\t\t\t\t<\/div>\n\t\t\t\t\t\t\t\t<\/div>\n\t\t\t\t<\/div>\n\t\t\t\t\t<\/div>\n\t\t\t\t<\/div>\n\t\t\t\t<\/div>\n\t\t","protected":false},"excerpt":{"rendered":"<p>Servizi Un Soggiorno Su Misura per Ogni Esigenza __________________ I servizi dell\u2019Hotel Miramonti sono pensati per soddisfare esigenze e necessit\u00e0 individuali, per rendere comodo e funzionale qualsiasi soggiorno, per facilitare e allietare la permanenza degli ospiti. Al suo interno si trovano un Ristorante principale per gustare i piatti tipici regionali e nazionali, una taverna-bar per un aperitivo al rientro dalle<\/p>\n","protected":false},"author":1,"featured_media":0,"parent":0,"menu_order":0,"comment_status":"closed","ping_status":"closed","template":"","meta":{"_acf_changed":false,"footnotes":"","_links_to":"","_links_to_target":""},"class_list":["post-774","page","type-page","status-publish","hentry"],"acf":[],"yoast_head":"<!-- This site is optimized with the Yoast SEO plugin v27.5 - https:\/\/yoast.com\/product\/yoast-seo-wordpress\/ -->\n<title>Servizi - Hotel Miramonti Corvara<\/title>\n<meta name=\"robots\" content=\"index, follow, max-snippet:-1, max-image-preview:large, max-video-preview:-1\" \/>\n<link rel=\"canonical\" href=\"https:\/\/uvethotels.com\/miramontihotel\/servizi\/\" \/>\n<meta property=\"og:locale\" content=\"it_IT\" \/>\n<meta property=\"og:type\" content=\"article\" \/>\n<meta property=\"og:title\" content=\"Servizi - Hotel Miramonti Corvara\" \/>\n<meta property=\"og:description\" content=\"Servizi Un Soggiorno Su Misura per Ogni Esigenza __________________ I servizi dell\u2019Hotel Miramonti sono pensati per soddisfare esigenze e necessit\u00e0 individuali, per rendere comodo e funzionale qualsiasi soggiorno, per facilitare e allietare la permanenza degli ospiti. Al suo interno si trovano un Ristorante principale per gustare i piatti tipici regionali e nazionali, una taverna-bar per un aperitivo al rientro dalle\" \/>\n<meta property=\"og:url\" content=\"https:\/\/uvethotels.com\/miramontihotel\/servizi\/\" \/>\n<meta property=\"og:site_name\" content=\"Hotel Miramonti - Uvet Hotels\" \/>\n<meta property=\"article:publisher\" content=\"https:\/\/www.facebook.com\/hotelmiramonticorvara\/\" \/>\n<meta property=\"article:modified_time\" content=\"2025-06-19T14:45:05+00:00\" \/>\n<meta property=\"og:image\" content=\"https:\/\/uvethotels.com\/wp-content\/uploads\/sites\/10\/2024\/11\/sala-lettura-scaled.jpg\" \/>\n<meta name=\"twitter:card\" content=\"summary_large_image\" \/>\n<meta name=\"twitter:label1\" content=\"Tempo di lettura stimato\" \/>\n\t<meta name=\"twitter:data1\" content=\"2 minuti\" \/>\n<script type=\"application\/ld+json\" class=\"yoast-schema-graph\">{\"@context\":\"https:\\\/\\\/schema.org\",\"@graph\":[{\"@type\":\"WebPage\",\"@id\":\"https:\\\/\\\/uvethotels.com\\\/miramontihotel\\\/servizi\\\/\",\"url\":\"https:\\\/\\\/uvethotels.com\\\/miramontihotel\\\/servizi\\\/\",\"name\":\"Servizi - Hotel Miramonti Corvara\",\"isPartOf\":{\"@id\":\"https:\\\/\\\/uvethotels.com\\\/miramontihotel\\\/#website\"},\"primaryImageOfPage\":{\"@id\":\"https:\\\/\\\/uvethotels.com\\\/miramontihotel\\\/servizi\\\/#primaryimage\"},\"image\":{\"@id\":\"https:\\\/\\\/uvethotels.com\\\/miramontihotel\\\/servizi\\\/#primaryimage\"},\"thumbnailUrl\":\"https:\\\/\\\/uvethotels.com\\\/wp-content\\\/uploads\\\/sites\\\/10\\\/2024\\\/11\\\/sala-lettura-scaled.jpg\",\"datePublished\":\"2023-10-21T22:05:12+00:00\",\"dateModified\":\"2025-06-19T14:45:05+00:00\",\"breadcrumb\":{\"@id\":\"https:\\\/\\\/uvethotels.com\\\/miramontihotel\\\/servizi\\\/#breadcrumb\"},\"inLanguage\":\"it-IT\",\"potentialAction\":[{\"@type\":\"ReadAction\",\"target\":[\"https:\\\/\\\/uvethotels.com\\\/miramontihotel\\\/servizi\\\/\"]}]},{\"@type\":\"ImageObject\",\"inLanguage\":\"it-IT\",\"@id\":\"https:\\\/\\\/uvethotels.com\\\/miramontihotel\\\/servizi\\\/#primaryimage\",\"url\":\"https:\\\/\\\/uvethotels.com\\\/wp-content\\\/uploads\\\/sites\\\/10\\\/2024\\\/11\\\/sala-lettura-scaled.jpg\",\"contentUrl\":\"https:\\\/\\\/uvethotels.com\\\/wp-content\\\/uploads\\\/sites\\\/10\\\/2024\\\/11\\\/sala-lettura-scaled.jpg\"},{\"@type\":\"BreadcrumbList\",\"@id\":\"https:\\\/\\\/uvethotels.com\\\/miramontihotel\\\/servizi\\\/#breadcrumb\",\"itemListElement\":[{\"@type\":\"ListItem\",\"position\":1,\"name\":\"Home\",\"item\":\"https:\\\/\\\/uvethotels.com\\\/miramontihotel\\\/\"},{\"@type\":\"ListItem\",\"position\":2,\"name\":\"Servizi\"}]},{\"@type\":\"WebSite\",\"@id\":\"https:\\\/\\\/uvethotels.com\\\/miramontihotel\\\/#website\",\"url\":\"https:\\\/\\\/uvethotels.com\\\/miramontihotel\\\/\",\"name\":\"Hotel Miramonti - Uvet Hotels\",\"description\":\"\",\"publisher\":{\"@id\":\"https:\\\/\\\/uvethotels.com\\\/miramontihotel\\\/#organization\"},\"potentialAction\":[{\"@type\":\"SearchAction\",\"target\":{\"@type\":\"EntryPoint\",\"urlTemplate\":\"https:\\\/\\\/uvethotels.com\\\/miramontihotel\\\/?s={search_term_string}\"},\"query-input\":{\"@type\":\"PropertyValueSpecification\",\"valueRequired\":true,\"valueName\":\"search_term_string\"}}],\"inLanguage\":\"it-IT\"},{\"@type\":\"Organization\",\"@id\":\"https:\\\/\\\/uvethotels.com\\\/miramontihotel\\\/#organization\",\"name\":\"Hotel Miramonti - Uvet Hotels\",\"url\":\"https:\\\/\\\/uvethotels.com\\\/miramontihotel\\\/\",\"logo\":{\"@type\":\"ImageObject\",\"inLanguage\":\"it-IT\",\"@id\":\"https:\\\/\\\/uvethotels.com\\\/miramontihotel\\\/#\\\/schema\\\/logo\\\/image\\\/\",\"url\":\"https:\\\/\\\/uvethotels.com\\\/miramontihotel\\\/wp-content\\\/uploads\\\/sites\\\/10\\\/2025\\\/03\\\/UHC_logo_verticale_1200x1200.jpg\",\"contentUrl\":\"https:\\\/\\\/uvethotels.com\\\/miramontihotel\\\/wp-content\\\/uploads\\\/sites\\\/10\\\/2025\\\/03\\\/UHC_logo_verticale_1200x1200.jpg\",\"width\":1200,\"height\":1200,\"caption\":\"Hotel Miramonti - Uvet Hotels\"},\"image\":{\"@id\":\"https:\\\/\\\/uvethotels.com\\\/miramontihotel\\\/#\\\/schema\\\/logo\\\/image\\\/\"},\"sameAs\":[\"https:\\\/\\\/www.facebook.com\\\/hotelmiramonticorvara\\\/\",\"https:\\\/\\\/www.instagram.com\\\/hotel__miramonti\\\/\"]}]}<\/script>\n<!-- \/ Yoast SEO plugin. -->","yoast_head_json":{"title":"Servizi - Hotel Miramonti Corvara","robots":{"index":"index","follow":"follow","max-snippet":"max-snippet:-1","max-image-preview":"max-image-preview:large","max-video-preview":"max-video-preview:-1"},"canonical":"https:\/\/uvethotels.com\/miramontihotel\/servizi\/","og_locale":"it_IT","og_type":"article","og_title":"Servizi - Hotel Miramonti Corvara","og_description":"Servizi Un Soggiorno Su Misura per Ogni Esigenza __________________ I servizi dell\u2019Hotel Miramonti sono pensati per soddisfare esigenze e necessit\u00e0 individuali, per rendere comodo e funzionale qualsiasi soggiorno, per facilitare e allietare la permanenza degli ospiti. Al suo interno si trovano un Ristorante principale per gustare i piatti tipici regionali e nazionali, una taverna-bar per un aperitivo al rientro dalle","og_url":"https:\/\/uvethotels.com\/miramontihotel\/servizi\/","og_site_name":"Hotel Miramonti - Uvet Hotels","article_publisher":"https:\/\/www.facebook.com\/hotelmiramonticorvara\/","article_modified_time":"2025-06-19T14:45:05+00:00","og_image":[{"url":"https:\/\/uvethotels.com\/wp-content\/uploads\/sites\/10\/2024\/11\/sala-lettura-scaled.jpg","type":"","width":"","height":""}],"twitter_card":"summary_large_image","twitter_misc":{"Tempo di lettura stimato":"2 minuti"},"schema":{"@context":"https:\/\/schema.org","@graph":[{"@type":"WebPage","@id":"https:\/\/uvethotels.com\/miramontihotel\/servizi\/","url":"https:\/\/uvethotels.com\/miramontihotel\/servizi\/","name":"Servizi - Hotel Miramonti Corvara","isPartOf":{"@id":"https:\/\/uvethotels.com\/miramontihotel\/#website"},"primaryImageOfPage":{"@id":"https:\/\/uvethotels.com\/miramontihotel\/servizi\/#primaryimage"},"image":{"@id":"https:\/\/uvethotels.com\/miramontihotel\/servizi\/#primaryimage"},"thumbnailUrl":"https:\/\/uvethotels.com\/wp-content\/uploads\/sites\/10\/2024\/11\/sala-lettura-scaled.jpg","datePublished":"2023-10-21T22:05:12+00:00","dateModified":"2025-06-19T14:45:05+00:00","breadcrumb":{"@id":"https:\/\/uvethotels.com\/miramontihotel\/servizi\/#breadcrumb"},"inLanguage":"it-IT","potentialAction":[{"@type":"ReadAction","target":["https:\/\/uvethotels.com\/miramontihotel\/servizi\/"]}]},{"@type":"ImageObject","inLanguage":"it-IT","@id":"https:\/\/uvethotels.com\/miramontihotel\/servizi\/#primaryimage","url":"https:\/\/uvethotels.com\/wp-content\/uploads\/sites\/10\/2024\/11\/sala-lettura-scaled.jpg","contentUrl":"https:\/\/uvethotels.com\/wp-content\/uploads\/sites\/10\/2024\/11\/sala-lettura-scaled.jpg"},{"@type":"BreadcrumbList","@id":"https:\/\/uvethotels.com\/miramontihotel\/servizi\/#breadcrumb","itemListElement":[{"@type":"ListItem","position":1,"name":"Home","item":"https:\/\/uvethotels.com\/miramontihotel\/"},{"@type":"ListItem","position":2,"name":"Servizi"}]},{"@type":"WebSite","@id":"https:\/\/uvethotels.com\/miramontihotel\/#website","url":"https:\/\/uvethotels.com\/miramontihotel\/","name":"Hotel Miramonti - Uvet Hotels","description":"","publisher":{"@id":"https:\/\/uvethotels.com\/miramontihotel\/#organization"},"potentialAction":[{"@type":"SearchAction","target":{"@type":"EntryPoint","urlTemplate":"https:\/\/uvethotels.com\/miramontihotel\/?s={search_term_string}"},"query-input":{"@type":"PropertyValueSpecification","valueRequired":true,"valueName":"search_term_string"}}],"inLanguage":"it-IT"},{"@type":"Organization","@id":"https:\/\/uvethotels.com\/miramontihotel\/#organization","name":"Hotel Miramonti - Uvet Hotels","url":"https:\/\/uvethotels.com\/miramontihotel\/","logo":{"@type":"ImageObject","inLanguage":"it-IT","@id":"https:\/\/uvethotels.com\/miramontihotel\/#\/schema\/logo\/image\/","url":"https:\/\/uvethotels.com\/miramontihotel\/wp-content\/uploads\/sites\/10\/2025\/03\/UHC_logo_verticale_1200x1200.jpg","contentUrl":"https:\/\/uvethotels.com\/miramontihotel\/wp-content\/uploads\/sites\/10\/2025\/03\/UHC_logo_verticale_1200x1200.jpg","width":1200,"height":1200,"caption":"Hotel Miramonti - Uvet Hotels"},"image":{"@id":"https:\/\/uvethotels.com\/miramontihotel\/#\/schema\/logo\/image\/"},"sameAs":["https:\/\/www.facebook.com\/hotelmiramonticorvara\/","https:\/\/www.instagram.com\/hotel__miramonti\/"]}]}},"_links":{"self":[{"href":"https:\/\/uvethotels.com\/miramontihotel\/wp-json\/wp\/v2\/pages\/774","targetHints":{"allow":["GET"]}}],"collection":[{"href":"https:\/\/uvethotels.com\/miramontihotel\/wp-json\/wp\/v2\/pages"}],"about":[{"href":"https:\/\/uvethotels.com\/miramontihotel\/wp-json\/wp\/v2\/types\/page"}],"author":[{"embeddable":true,"href":"https:\/\/uvethotels.com\/miramontihotel\/wp-json\/wp\/v2\/users\/1"}],"replies":[{"embeddable":true,"href":"https:\/\/uvethotels.com\/miramontihotel\/wp-json\/wp\/v2\/comments?post=774"}],"version-history":[{"count":90,"href":"https:\/\/uvethotels.com\/miramontihotel\/wp-json\/wp\/v2\/pages\/774\/revisions"}],"predecessor-version":[{"id":4313,"href":"https:\/\/uvethotels.com\/miramontihotel\/wp-json\/wp\/v2\/pages\/774\/revisions\/4313"}],"wp:attachment":[{"href":"https:\/\/uvethotels.com\/miramontihotel\/wp-json\/wp\/v2\/media?parent=774"}],"curies":[{"name":"wp","href":"https:\/\/api.w.org\/{rel}","templated":true}]}}